{"id":1130,"date":"2025-09-13T16:56:13","date_gmt":"2025-09-13T16:56:13","guid":{"rendered":"https:\/\/ms-eberschwang.at\/schule\/?page_id=1130"},"modified":"2025-09-13T17:17:17","modified_gmt":"2025-09-13T17:17:17","slug":"lesevorlieben-test","status":"publish","type":"page","link":"https:\/\/ms-eberschwang.at\/schule\/index.php\/lesevorlieben-test\/","title":{"rendered":"Lesevorlieben Test"},"content":{"rendered":"<div id=\"lesefinder\" class=\"lf-root\">\n  <div class=\"lf-wrap\">\n    <header class=\"lf-head\">\n      <h1 class=\"lf-h1\">\ud83d\udcd6 Lese\u2011Finder \u2013 Finde dein Buch!<\/h1>\n      <p class=\"lf-muted\">3\u2011Stufen: <span class=\"lf-pill lf-ok\">\u2705 Trifft zu (1)<\/span> \u00b7 <span class=\"lf-pill lf-mid\">\ud83d\ude10 Teils (0,5)<\/span> \u00b7 <span class=\"lf-pill lf-no\">\u274c Trifft nicht zu (0)<\/span><\/p>\n    <\/header>\n\n    <section class=\"lf-card\">\n      <form id=\"lf-form\" class=\"lf-grid\">\n        <div class=\"lf-grid lf-grid-2\">\n          <label class=\"lf-block\">\n            <span class=\"lf-label\">Name (optional)<\/span>\n            <input name=\"name\" class=\"lf-input\" \/>\n          <\/label>\n          <label class=\"lf-block\">\n            <span class=\"lf-label\">Klasse (optional)<\/span>\n            <input name=\"klasse\" class=\"lf-input\" \/>\n          <\/label>\n        <\/div>\n\n        <fieldset>\n          <legend class=\"lf-legend\">Aussagen \u2013 bitte pro Zeile eine Option w\u00e4hlen<\/legend>\n          <div class=\"lf-grid\">\n                          <div class=\"lf-q\">\n                <p class=\"lf-qtext\">1. Ich lache gern \u00fcber verr\u00fcckte Geschichten.<\/p>\n                <div class=\"lf-row\" role=\"radiogroup\" aria-label=\"Ich lache gern \u00fcber verr\u00fcckte Geschichten.\">\n                  <label><input required type=\"radio\" name=\"q1\" value=\"1\"> \u2705 Trifft zu<\/label>\n                  <label><input required type=\"radio\" name=\"q1\" value=\"0.5\"> \ud83d\ude10 Teils<\/label>\n                  <label><input required type=\"radio\" name=\"q1\" value=\"0\"> \u274c Trifft nicht zu<\/label>\n                <\/div>\n              <\/div>\n                          <div class=\"lf-q\">\n                <p class=\"lf-qtext\">2. Ich mag Geschichten mit viel Spannung und Abenteuern.<\/p>\n                <div class=\"lf-row\" role=\"radiogroup\" aria-label=\"Ich mag Geschichten mit viel Spannung und Abenteuern.\">\n                  <label><input required type=\"radio\" name=\"q2\" value=\"1\"> \u2705 Trifft zu<\/label>\n                  <label><input required type=\"radio\" name=\"q2\" value=\"0.5\"> \ud83d\ude10 Teils<\/label>\n                  <label><input required type=\"radio\" name=\"q2\" value=\"0\"> \u274c Trifft nicht zu<\/label>\n                <\/div>\n              <\/div>\n                          <div class=\"lf-q\">\n                <p class=\"lf-qtext\">3. Magie und Zauberschulen finde ich spannend.<\/p>\n                <div class=\"lf-row\" role=\"radiogroup\" aria-label=\"Magie und Zauberschulen finde ich spannend.\">\n                  <label><input required type=\"radio\" name=\"q3\" value=\"1\"> \u2705 Trifft zu<\/label>\n                  <label><input required type=\"radio\" name=\"q3\" value=\"0.5\"> \ud83d\ude10 Teils<\/label>\n                  <label><input required type=\"radio\" name=\"q3\" value=\"0\"> \u274c Trifft nicht zu<\/label>\n                <\/div>\n              <\/div>\n                          <div class=\"lf-q\">\n                <p class=\"lf-qtext\">4. Tiere interessieren mich besonders.<\/p>\n                <div class=\"lf-row\" role=\"radiogroup\" aria-label=\"Tiere interessieren mich besonders.\">\n                  <label><input required type=\"radio\" name=\"q4\" value=\"1\"> \u2705 Trifft zu<\/label>\n                  <label><input required type=\"radio\" name=\"q4\" value=\"0.5\"> \ud83d\ude10 Teils<\/label>\n                  <label><input required type=\"radio\" name=\"q4\" value=\"0\"> \u274c Trifft nicht zu<\/label>\n                <\/div>\n              <\/div>\n                          <div class=\"lf-q\">\n                <p class=\"lf-qtext\">5. Sport (z. B. Fu\u00dfball) ist mir wichtig.<\/p>\n                <div class=\"lf-row\" role=\"radiogroup\" aria-label=\"Sport (z. B. Fu\u00dfball) ist mir wichtig.\">\n                  <label><input required type=\"radio\" name=\"q5\" value=\"1\"> \u2705 Trifft zu<\/label>\n                  <label><input required type=\"radio\" name=\"q5\" value=\"0.5\"> \ud83d\ude10 Teils<\/label>\n                  <label><input required type=\"radio\" name=\"q5\" value=\"0\"> \u274c Trifft nicht zu<\/label>\n                <\/div>\n              <\/div>\n                          <div class=\"lf-q\">\n                <p class=\"lf-qtext\">6. Ich mag gruselige oder r\u00e4tselhafte Geschichten.<\/p>\n                <div class=\"lf-row\" role=\"radiogroup\" aria-label=\"Ich mag gruselige oder r\u00e4tselhafte Geschichten.\">\n                  <label><input required type=\"radio\" name=\"q6\" value=\"1\"> \u2705 Trifft zu<\/label>\n                  <label><input required type=\"radio\" name=\"q6\" value=\"0.5\"> \ud83d\ude10 Teils<\/label>\n                  <label><input required type=\"radio\" name=\"q6\" value=\"0\"> \u274c Trifft nicht zu<\/label>\n                <\/div>\n              <\/div>\n                          <div class=\"lf-q\">\n                <p class=\"lf-qtext\">7. Ich lese gern \u00fcber Freundschaft und Schule.<\/p>\n                <div class=\"lf-row\" role=\"radiogroup\" aria-label=\"Ich lese gern \u00fcber Freundschaft und Schule.\">\n                  <label><input required type=\"radio\" name=\"q7\" value=\"1\"> \u2705 Trifft zu<\/label>\n                  <label><input required type=\"radio\" name=\"q7\" value=\"0.5\"> \ud83d\ude10 Teils<\/label>\n                  <label><input required type=\"radio\" name=\"q7\" value=\"0\"> \u274c Trifft nicht zu<\/label>\n                <\/div>\n              <\/div>\n                          <div class=\"lf-q\">\n                <p class=\"lf-qtext\">8. Ich will wissen, wie Dinge funktionieren (Experimente, Weltraum \u2026).<\/p>\n                <div class=\"lf-row\" role=\"radiogroup\" aria-label=\"Ich will wissen, wie Dinge funktionieren (Experimente, Weltraum \u2026).\">\n                  <label><input required type=\"radio\" name=\"q8\" value=\"1\"> \u2705 Trifft zu<\/label>\n                  <label><input required type=\"radio\" name=\"q8\" value=\"0.5\"> \ud83d\ude10 Teils<\/label>\n                  <label><input required type=\"radio\" name=\"q8\" value=\"0\"> \u274c Trifft nicht zu<\/label>\n                <\/div>\n              <\/div>\n                          <div class=\"lf-q\">\n                <p class=\"lf-qtext\">9. Ich mag B\u00fccher mit vielen Bildern oder Comics.<\/p>\n                <div class=\"lf-row\" role=\"radiogroup\" aria-label=\"Ich mag B\u00fccher mit vielen Bildern oder Comics.\">\n                  <label><input required type=\"radio\" name=\"q9\" value=\"1\"> \u2705 Trifft zu<\/label>\n                  <label><input required type=\"radio\" name=\"q9\" value=\"0.5\"> \ud83d\ude10 Teils<\/label>\n                  <label><input required type=\"radio\" name=\"q9\" value=\"0\"> \u274c Trifft nicht zu<\/label>\n                <\/div>\n              <\/div>\n                          <div class=\"lf-q\">\n                <p class=\"lf-qtext\">10. Ich lese lieber kurze Kapitel oder kurze Geschichten.<\/p>\n                <div class=\"lf-row\" role=\"radiogroup\" aria-label=\"Ich lese lieber kurze Kapitel oder kurze Geschichten.\">\n                  <label><input required type=\"radio\" name=\"q10\" value=\"1\"> \u2705 Trifft zu<\/label>\n                  <label><input required type=\"radio\" name=\"q10\" value=\"0.5\"> \ud83d\ude10 Teils<\/label>\n                  <label><input required type=\"radio\" name=\"q10\" value=\"0\"> \u274c Trifft nicht zu<\/label>\n                <\/div>\n              <\/div>\n                          <div class=\"lf-q\">\n                <p class=\"lf-qtext\">11. Ich spiele gern Minecraft\/Roblox oder andere Games.<\/p>\n                <div class=\"lf-row\" role=\"radiogroup\" aria-label=\"Ich spiele gern Minecraft\/Roblox oder andere Games.\">\n                  <label><input required type=\"radio\" name=\"q11\" value=\"1\"> \u2705 Trifft zu<\/label>\n                  <label><input required type=\"radio\" name=\"q11\" value=\"0.5\"> \ud83d\ude10 Teils<\/label>\n                  <label><input required type=\"radio\" name=\"q11\" value=\"0\"> \u274c Trifft nicht zu<\/label>\n                <\/div>\n              <\/div>\n                          <div class=\"lf-q\">\n                <p class=\"lf-qtext\">12. Ich mag es, wenn Geschichten in einer anderen Welt spielen.<\/p>\n                <div class=\"lf-row\" role=\"radiogroup\" aria-label=\"Ich mag es, wenn Geschichten in einer anderen Welt spielen.\">\n                  <label><input required type=\"radio\" name=\"q12\" value=\"1\"> \u2705 Trifft zu<\/label>\n                  <label><input required type=\"radio\" name=\"q12\" value=\"0.5\"> \ud83d\ude10 Teils<\/label>\n                  <label><input required type=\"radio\" name=\"q12\" value=\"0\"> \u274c Trifft nicht zu<\/label>\n                <\/div>\n              <\/div>\n                      <\/div>\n        <\/fieldset>\n\n        <fieldset>\n          <legend class=\"lf-legend\">Format\u2011Vorlieben (optional)<\/legend>\n          <label class=\"lf-q\"><span class=\"lf-row\"><input type=\"checkbox\" id=\"pref_bilder\"> Viele Bilder sind mir wichtig.<\/span><\/label>\n          <label class=\"lf-q\"><span class=\"lf-row\"><input type=\"checkbox\" id=\"pref_schrift\"> Gro\u00dfe Schrift hilft mir.<\/span><\/label>\n          <label class=\"lf-q\"><span class=\"lf-row\"><input type=\"checkbox\" id=\"pref_hoerbuch\"> Ich h\u00f6re gern H\u00f6rb\u00fccher.<\/span><\/label>\n        <\/fieldset>\n\n        <label class=\"lf-row lf-small\">\n          <input type=\"checkbox\" id=\"lf-consent\" \/>\n          <span>Einverstanden, dass die Antworten lokal im <strong>Browser<\/strong> gespeichert werden (nur auf diesem Ger\u00e4t sichtbar).<\/span>\n        <\/label>\n\n        <div class=\"lf-actions\">\n          <button type=\"button\" id=\"lf-eval\" class=\"lf-btn pri\">\u2705 Auswerten<\/button>\n          <button type=\"button\" id=\"lf-print\" class=\"lf-btn ghost\">\ud83d\udda8\ufe0f Drucken \/ PDF<\/button>\n          <button type=\"button\" id=\"lf-csv\" class=\"lf-btn alt\">\u2b07\ufe0f CSV dieser Antwort<\/button>\n        <\/div>\n      <\/form>\n    <\/section>\n\n    <section id=\"lf-results\" class=\"lf-card lf-hide\">\n      <h2 class=\"lf-h2\">\ud83d\udcca Ergebnisse<\/h2>\n      <div id=\"lf-top\" class=\"lf-mt\"><\/div>\n      <div class=\"lf-grid lf-grid-2 lf-mt\">\n        <div>\n          <h3 class=\"lf-label\">Kategorie\u2011Punkte<\/h3>\n          <div id=\"lf-bars\" class=\"lf-grid\"><\/div>\n        <\/div>\n        <div>\n          <h3 class=\"lf-label\">Format\u2011Empfehlungen<\/h3>\n          <ul id=\"lf-format\" class=\"lf-grid\"><\/ul>\n        <\/div>\n      <\/div>\n    <\/section>\n\n    <section class=\"lf-mt\">\n      <details class=\"lf-details\">\n        <summary>\ud83d\udd10 Lehrer*in \u2013 lokale Klassen\u00fcbersicht & Export<\/summary>\n        <div class=\"lf-actions lf-mt\">\n          <button id=\"lf-show\" class=\"lf-btn ghost\" type=\"button\">Alle Eintr\u00e4ge anzeigen<\/button>\n          <button id=\"lf-export\" class=\"lf-btn alt\" type=\"button\">Alle als CSV exportieren<\/button>\n          <button id=\"lf-clear\" class=\"lf-btn warn\" type=\"button\">Alle lokalen Daten l\u00f6schen<\/button>\n        <\/div>\n        <div id=\"lf-summary\" class=\"lf-note lf-mt\"><\/div>\n        <div class=\"lf-mt\">\n          <table id=\"lf-table\" class=\"lf-table lf-hide\">\n            <thead><tr id=\"lf-head\"><\/tr><\/thead>\n            <tbody id=\"lf-body\"><\/tbody>\n          <\/table>\n        <\/div>\n      <\/details>\n    <\/section>\n  <\/div>\n<\/div>\n\n\n\n\n<p><\/p>\n","protected":false},"excerpt":{"rendered":"","protected":false},"author":5,"featured_media":0,"parent":0,"menu_order":0,"comment_status":"closed","ping_status":"closed","template":"","meta":{"site-sidebar-layout":"default","site-content-layout":"","ast-site-content-layout":"default","site-content-style":"default","site-sidebar-style":"default","ast-global-header-display":"","ast-banner-title-visibility":"","ast-main-header-display":"","ast-hfb-above-header-display":"","ast-hfb-below-header-display":"","ast-hfb-mobile-header-display":"","site-post-title":"","ast-breadcrumbs-content":"","ast-featured-img":"","footer-sml-layout":"","ast-disable-related-posts":"","theme-transparent-header-meta":"","adv-header-id-meta":"","stick-header-meta":"","header-above-stick-meta":"","header-main-stick-meta":"","header-below-stick-meta":"","astra-migrate-meta-layouts":"set","ast-page-background-enabled":"default","ast-page-background-meta":{"desktop":{"background-color":"var(--ast-global-color-4)","background-image":"","background-repeat":"repeat","background-position":"center center","background-size":"auto","background-attachment":"scroll","background-type":"","background-media":"","overlay-type":"","overlay-color":"","overlay-opacity":"","overlay-gradient":""},"tablet":{"background-color":"","background-image":"","background-repeat":"repeat","background-position":"center center","background-size":"auto","background-attachment":"scroll","background-type":"","background-media":"","overlay-type":"","overlay-color":"","overlay-opacity":"","overlay-gradient":""},"mobile":{"background-color":"","background-image":"","background-repeat":"repeat","background-position":"center center","background-size":"auto","background-attachment":"scroll","background-type":"","background-media":"","overlay-type":"","overlay-color":"","overlay-opacity":"","overlay-gradient":""}},"ast-content-background-meta":{"desktop":{"background-color":"var(--ast-global-color-5)","background-image":"","background-repeat":"repeat","background-position":"center center","background-size":"auto","background-attachment":"scroll","background-type":"","background-media":"","overlay-type":"","overlay-color":"","overlay-opacity":"","overlay-gradient":""},"tablet":{"background-color":"var(--ast-global-color-5)","background-image":"","background-repeat":"repeat","background-position":"center center","background-size":"auto","background-attachment":"scroll","background-type":"","background-media":"","overlay-type":"","overlay-color":"","overlay-opacity":"","overlay-gradient":""},"mobile":{"background-color":"var(--ast-global-color-5)","background-image":"","background-repeat":"repeat","background-position":"center center","background-size":"auto","background-attachment":"scroll","background-type":"","background-media":"","overlay-type":"","overlay-color":"","overlay-opacity":"","overlay-gradient":""}},"footnotes":""},"class_list":["post-1130","page","type-page","status-publish","hentry"],"_links":{"self":[{"href":"https:\/\/ms-eberschwang.at\/schule\/index.php\/wp-json\/wp\/v2\/pages\/1130","targetHints":{"allow":["GET"]}}],"collection":[{"href":"https:\/\/ms-eberschwang.at\/schule\/index.php\/wp-json\/wp\/v2\/pages"}],"about":[{"href":"https:\/\/ms-eberschwang.at\/schule\/index.php\/wp-json\/wp\/v2\/types\/page"}],"author":[{"embeddable":true,"href":"https:\/\/ms-eberschwang.at\/schule\/index.php\/wp-json\/wp\/v2\/users\/5"}],"replies":[{"embeddable":true,"href":"https:\/\/ms-eberschwang.at\/schule\/index.php\/wp-json\/wp\/v2\/comments?post=1130"}],"version-history":[{"count":4,"href":"https:\/\/ms-eberschwang.at\/schule\/index.php\/wp-json\/wp\/v2\/pages\/1130\/revisions"}],"predecessor-version":[{"id":1138,"href":"https:\/\/ms-eberschwang.at\/schule\/index.php\/wp-json\/wp\/v2\/pages\/1130\/revisions\/1138"}],"wp:attachment":[{"href":"https:\/\/ms-eberschwang.at\/schule\/index.php\/wp-json\/wp\/v2\/media?parent=1130"}],"curies":[{"name":"wp","href":"https:\/\/api.w.org\/{rel}","templated":true}]}}